= y**3 - 8*y**2 - 2*y - 1. Suppose 20 + 172 = 16*i. Let u be (i/42*-2)/(1/(-14)). What is a(u)?
-17
Suppose 19*y + 5*o + 2129 = 22*y, 5*o - 25 = 0. Let h be (-2)/(-21) - y/42. Let s(a) = -a**3 - 18*a**2 - 15*a + 34. Determine s(h).
0
Let t be 6*2/(-10)*(-920)/276 + -4. Let j(u) = -u**2 - 4 - 5 + 1. Calculate j(t).
-8
Let r(h) = 2*h**3 + 13*h**2 - 3*h + 24. Let f = 197 - 204. Let b be r(f). Let n(c) = -4*c - 3. Determine n(b).
13
Let l(h) = -69*h**2 + 36*h**2 + 9 + 18*h - 5 - 3 + 32*h**2. Calculate l(19).
-18
Let k be 1*(0 + 2)*1/(-2). Let u be ((-14)/56)/(k/(-2))*4. Let w(c) be the first derivative of -c**4/4 - 2*c**3/3 - c**2 - 3*c + 7. What is w(u)?
1
Let j be 14/(-63) + 50/(-18) - -5. Let p(h) = -79*h + 158*h + 16 + h**j - 88*h. Determine p(7).
2
Let j(t) be the third derivative of -t**5/60 + 7*t**4/8 + 5*t**3 + 621*t**2. What is j(22)?
8
Let f(d) = -10*d - 19. Suppose 5*k + 19 = z, 3*k + 6 = 5*k + 3*z. What is f(k)?
11
Let u(k) = -k**2 + 21. Let g be u(7). Let f = 52 + g. Suppose -f + 42 = 3*l. Let s(m) = -m**2 + 5*m - 6. Give s(l).
-12
Let b(x) = 875*x + 7 - 10 - 435*x - 435*x. Calculate b(1).
2
Let t be 4/(12/195) - (-7 + 7). Suppose -350 = 5*c + 25. Let v = c + t. Let k(z) = -z**3 - 9*z**2 + 11*z + 6. What is k(v)?
-4
Let y(i) be the third derivative of i**4/24 - 4*i**3 - 47*i**2. Let g be y(26). Let u(w) = 4*w**3 + 0*w**g - 4*w**2 - 3*w**3. Calculate u(3).
-9
Let d(n) = 17*n + 129. Let k(m) = -m**3 - 55*m**2 - 55*m - 62. Let i be k(-54). Give d(i).
-7
Let s(w) = 5*w**3 - 6*w**2 - 16. Let p(a) = -a**3 + a**2. Let c(r) = -6*p(r) - s(r). Let g = -201 - -211. Let z(n) = -n**2 + 4*n + 60. Let f be z(g). Give c(f).
16
Let z(b) = -1 + 6*b - 327*b**3 - 5*b**2 - 7 + 14*b**2 + 328*b**3. Determine z(-9).
-62
Let p(l) = -l**3 + 4*l**2 + l + 5. Let o be p(5). Let x = -11 - o. Suppose -11 = x*w + 9. Let u(v) = -v**3 - 3*v**2 + 8*v + 5. What is u(w)?
15
Let r(w) = 3*w - 9. Suppose 2 = 15*f - 11*f + 5*k, 4*f - 2*k + 12 = 0. Let n(o) = -o + 2. Let a(z) = f*n(z) - r(z). Determine a(4).
1
Let q(o) = o**3 + 2*o**2 - 2*o - 2. Let l(a) = -11 + 10*a**2 + 2*a - 5*a - a**3 - 5*a. Let x = -1067 + 1076. Let j be l(x). What is q(j)?
2
Let b(n) = 616*n - 1 - 1237*n + 620*n. Let s = -3 - 0. Let i be (5*(s + 2))/(-1). Calculate b(i).
-6
Let d(k) be the first derivative of k**3/3 + 7*k**2/2 - 55*k - 2482. Give d(6).
23
Let p be 36/((-72)/(-252) + (-75)/42). Let w(k) = -k**3 - 23*k**2 + 26*k + 44. Determine w(p).
-4
Let j be (1 - 2) + (1 - 2). Let m(d) = -3*d - 8*d**3 - 37768*d**2 + 37766*d**2 - 14*d**3 + 20*d**3. Calculate m(j).
14
Let q be (1/((-14)/(-80)))/(11407/(-427) + 27). Let b(o) = o**3 - 21*o**2 + 24*o - 83. What is b(q)?
-3
Let o(m) = 5*m - 97. Let u(x) = 2*x**2 - 18*x - 1248. Let c be u(-21). Give o(c).
-37
Let l(v) = -8*v + v**2 + 3 + 21*v - 9*v - 7*v - 5. Suppose 5*d - 3*y = 6, -6*y = 5*d - 2*y - 27. What is l(d)?
-2
Let w be (7 - (-6)/1)*(-5)/5. Let u(m) = -5*m**2 - 66*m - 7. Give u(w).
6
Let x(a) = 94*a - 1227. Let c be x(13). Let o(k) = k**3 + 5*k**2 + 6*k + 13. What is o(c)?
-17
Let q(a) be the first derivative of -a**4/4 + 4*a**3/3 + 5*a**2/2 - 16*a - 3182. Calculate q(2).
2
Let h(q) = q**3 + 6*q**2 + 6*q + 5. Suppose 4 = 84*p - 82*p. Suppose -p*v + 4*v - 4*k + 6 = 0, v - 3*k + 2 = 0. What is h(v)?
0
Let h(w) = -w**3 + 3*w**2 + 2*w - 3. Let q(v) = -v**2 + 3*v - 1. Let l be q(-3). Let j be (-11316)/690 + 2/5. Let s = j - l. What is h(s)?
3
Let q(x) be the second derivative of x**5/20 - 5*x**4/12 - x**3/2 - x**2/2 - 52*x. Let c be 324/60 + (-6)/15. What is q(c)?
-16
Suppose 6*a + 3*h - 8*h - 10 = 0, 3*a + 3*h = 27. Let m(c) = -10*c + 17. What is m(a)?
-33
Let p(n) = -9*n + 107. Let t(c) = -2*c + 25. Let j(v) = -p(v) + 4*t(v). What is j(31)?
24
Let m(y) = 3*y - 4. Let i be m(8). Suppose 4*x = -x + i. Suppose 4*g = -x, -2*q + g - 5 = 2. Let r(f) = f**2 + 5*f + 3. Calculate r(q).
-1
Let o(d) = -10*d**2 + 7*d - 3. Suppose -27*g + 6 = -75. Let j(i) = 3*i**2. Let h(l) = g*j(l) + o(l). Give h(5).
7
Suppose 3*k = -5*c + 487, -20*c + 16*c = -2*k - 394. Let l(y) = -150 - 2*y**2 + 150 + 4*y**3 - c*y + 100*y. Give l(1).
4
Suppose -9*y = -12*y + 15. Let t(o) = -y*o**2 + o + 2*o**2 + o**2 + 5*o**2. Let b = 97 + -96. What is t(b)?
4
Let y(n) = n**2 - 14*n + 4. Suppose 14 = 2*t + 3*k, -46*t + 51*t - 2*k = 73. Give y(t).
-9
Let g(p) = 14*p - 1756 + p**3 + 885 - 13*p**2 + 882 + 0*p**2. Calculate g(11).
-77
Let t(k) = 6 - 2*k**2 + k**2 - 4 - 2*k - k**3. Let j(i) = 1548*i - 74302. Let a be j(48). What is t(a)?
-14
Let y(a) be the first derivative of a**4/4 - 2*a**3/3 - 7*a**2/2 + 8*a - 3062. Determine y(3).
-4
Let c(w) = 2062 - 2*w - 1045 - 1018 + w**2. Determine c(-1).
2
Let n(l) = -2*l**3 + l**2 - 19*l + 53. Let g(k) = -k**3 + k**2 - 11*k + 28. Let r(v) = -11*g(v) + 6*n(v). Determine r(-6).
4
Suppose 80 = 551*v - 547*v. Let m(p) = -19 - p**3 + 5 + 13*p**2 - 12*p - v + 29*p. Calculate m(14).
8
Let x(r) = 9*r**2 + 103*r - 739. Let z(g) = 14*g**2 + 155*g - 1182. Let t(q) = 8*x(q) - 5*z(q). Determine t(-24).
-26
Let f(q) be the third derivative of -11*q**4/24 + 13*q**3/3 + 111*q**2 + 2. Let d(o) = 4*o - 9. Let j(y) = 8*d(y) + 3*f(y). Calculate j(14).
-8
Let g be 27 - 15/75*-25. Let q(a) = -a**3 - 2*a**2 + a + 2. Let d be q(-4). Suppose -y - d = -g. Let s(b) = -b - 2. What is s(y)?
-4
Let s(v) = -29*v + 321. Let g be s(11). Let r(n) be the first derivative of -14 - 1/3*n**3 + 2*n**g - 2*n. Determine r(3).
1
Let h = -39 - -44. Let b be (42/30)/(1/h). Suppose -b = 5*t - 42. Let c(f) = f**3 - 8*f**2 + 6*f + 7. Give c(t).
0
Let k(l) = -l**3 + 2*l**2 + 21*l - 12. Let x(d) = -2*d**3 + 4*d**2 + 44*d - 24. Let v(a) = 5*k(a) - 3*x(a). Give v(6).
-6
Suppose 25 = 5*m, -3*m + 3 = 2*w - 18. Let k(h) = 1 + w*h + 5 - 8 + 7 + 1. Determine k(6).
24
Let v(t) = 92*t**2 - 5*t + 7. Let p(n) = 84*n**2 - 5*n + 7. Let x(c) = -12*p(c) + 11*v(c). What is x(4)?
77
Let k(j) = j**2 - 3*j - 1. Let x be k(4). Let y(p) be the first derivative of -48 + 4*p + p**2 - 5/3*p**3 + 1/4*p**4. What is y(x)?
-8
Let v(d) = 0 - 3*d**3 - 2 - 12*d + 7*d + d + 13*d**2. Let z(l) = -2*l**3 + 12*l**2 - 3*l - 2. Let b(q) = -3*v(q) + 4*z(q). What is b(-9)?
-2
Let z(g) = -g**3 + 9*g**2 - 9*g - 1. Let w(h) = -2*h**3 - h**2 - h - 1. Let m be w(-1). Let j(r) = -2*r + m - 9*r - r**2 - 1 - 2. Let f be j(-10). Give z(f).
-9
Let j = 30 + -40. Let b(h) = -30*h + h**2 - 2*h + h**3 - 2*h**3 - 12*h**2 + 7 + 22*h. Give b(j).
7
Let n(q) = -5*q - 24. Let a(c) = -25*c - 12 - 30*c + 52*c. Let w(i) = 7*a(i) - 4*n(i). What is w(12)?
0
Let j(u) = -23*u**3 + 22*u**2 + 9*u - 4. Let c(a) = 2*a - 5 + 7*a**3 + 21*a**2 - 26*a**3 + 2 + 8*a. Let o(f) = -6*c(f) + 5*j(f). Determine o(-15).
-2
Let z(i) = -2*i**2 + 8*i + 4. Suppose 4*b - 5*b = -j + 26, 3*j - 4*b - 77 = 0. Suppose -j*x - 89 = -251. Give z(x).
-20
Let v(h) = h**3 - 6*h**2 + 5*h - 5. Suppose -4*x + x = -150. Let q(r) = 96 - 49 - 4*r - x. Let m be q(-2). Give v(m).
-5
Let y(n) be the third derivative of -13*n**5/60 - n**4/3 + 3*n**3/2 - 10306*n**2. What is y(1)?
-12
Let b = -127 - -132. Suppose b*i = -6 - 9, 4*i - 28 = -4*m. Let u(k) = k - 17. Give u(m).
-7
Let z = -323 - -325. Let u(f) = 37195*f**2 + 7 - f**3 - z - 37202*f**2 - 4*f. Give u(-6).
-7
Let a(s) = -s - 7. Let b(t) = 69*t. Let y(n) = -63*n - 1. Let p(q) = -3*b(q) - 4*y(q). Let l be p(0). Give a(l).
-11
Let i(h) = 11*h**2 - 95*h - 6. Let k(p) = 2*p**2 - 17*p - 1. Let f(o) = -i(o) + 6*k(o). Let l = -4 - -9. Calculate f(l).
-10
Let k(u) = 3*u**3 + 23*u**2 - 27*u + 10. Let a(j) = -2*j**3 - 20*j**2 + 23*j - 3. Let o(y) = -4*a(y) - 3*k(y). Determine o(10).
-28
Let o(u) = 20*u + 3 + 10 + 0 - 33 + 9. What is o(2)?
29
Let z(f) = -f**3 - 4*f**2 + f + 1. Suppose 0 = 15*v - 11*v - 56. Suppose 0 = -c - 10 + v. Suppose 4*g - j = j - 10, 8 = -5*g + c*j. What is z(g)?
-3
Let i(y) = 9*y**3 + 2*y**2 - 1. Let v(p) be the third derivative of p**6/120 + p**5/30 - 13*p**4/24 + 11*p**3/6 + 11*p**2 + 4. Let g be v(-5). Determine i(g).
10
Let o(i) be the second derivative of -i**4/12 - 5*i**3/3 - 17*i**2/2 + 5130*i. Determine o(-8).
-1
Suppose 3*s = 4*z - 19, z + 5*s = -400 + 376. Let d(f) = -7*f**3 - 3*f**2 + f - 1. Calculate d(z).
-10
Let n(r) be the first derivative of -r**2 - 49*r + 1885. What is n(-23)?
-3
Suppose 3*k - 54 = -6*k. Suppose 2*u + 8 